ands digit of 321798?
2
What is the tens digit of 7328543?
4
What is the hundred thousands digit of 13515709?
5
What is the units digit of 273628?
8
What is the hundreds digit of 19687039?
0
What is the ten millions digit of 35290392?
3
What is the thousands digit of 226941?
6
What is the hundreds digit of 1860623?
6
What is the ten thousands digit of 375020?
7
What is the units digit of 5740723?
3
What is the hundred thousands digit of 177165?
1
What is the hundred thousands digit of 282875?
2
What is the units digit of 125040?
0
What is the tens digit of 2982864?
6
What is the tens digit of 5914058?
5
What is the hundred thousands digit of 954797?
9
What is the ten thousands digit of 232072?
3
What is the millions digit of 23710404?
3
What is the ten thousands digit of 458128?
5
What is the millions digit of 17625779?
7
What is the hundreds digit of 939412?
4
What is the hundreds digit of 655325?
3
What is the tens digit of 583812?
1
What is the thousands digit of 37352704?
2
What is the units digit of 7943055?
5
What is the hundred thousands digit of 1401072?
4
What is the units digit of 2139469?
9
What is the ten thousands digit of 2922284?
2
What is the units digit of 198534?
4
What is the ten thousands digit of 17534818?
3
What is the units digit of 51679?
9
What is the units digit of 558977?
7
What is the tens digit of 156554?
5
What is the hundreds digit of 31442?
4
What is the thousands digit of 1058706?
8
What is the ten thousands digit of 852096?
5
What is the millions digit of 21925478?
1
What is the millions digit of 1416773?
1
What is the units digit of 6488500?
0
What is the hundreds digit of 432456?
4
What is the ten thousands digit of 9835823?
3
What is the hundreds digit of 165262?
2
What is the hundred thousands digit of 2413555?
4
What is the ten thousands digit of 119566?
1
What is the thousands digit of 740070?
0
What is the ten thousands digit of 14908823?
0
What is the units digit of 18227582?
2
What is the thousands digit of 175844?
5
What is the hundreds digit of 354396?
3
What is the units digit of 657687?
7
What is the hundred thousands digit of 11706640?
7
What is the ten thousands digit of 3326446?
2
What is the hundred thousands digit of 148039?
1
What is the ten thousands digit of 480600?
8
What is the hundred thousands digit of 1228547?
2
What is the units digit of 6856870?
0
What is the units digit of 3539099?
9
What is the ten thousands digit of 3643758?
4
What is the units digit of 4653521?
1
What is the units digit of 282450?
0
What is the hundreds digit of 19390182?
1
What is the units digit of 7275?
5
What is the thousands digit of 2922706?
2
What is the millions digit of 3800247?
3
What is the hundreds digit of 549602?
6
What is the hundred thousands digit of 2690887?
6
What is the millions digit of 1365450?
1
What is the hundred thousands digit of 4487998?
4
What is the hundred thousands digit of 11710034?
7
What is the hundred thousands digit of 704672?
7
What is the units digit of 19495422?
2
What is the tens digit of 207851?
5
What is the hundreds digit of 42518?
5
What is the millions digit of 2728660?
2
What is the hundreds digit of 3011632?
6
What is the tens digit of 2708975?
7
What is the hundreds digit of 1812649?
6
What is the thousands digit of 320556?
0
What is the units digit of 1317732?
2
What is the hundreds digit of 3852775?
7
What is the hundreds digit of 1517182?
1
What is the hundred thousands digit of 5379427?
3
What is the hundred thousands digit of 3747215?
7
What is the thousands digit of 442947?
2
What is the tens digit of 2533508?
0
What is the hundred thousands digit of 550734?
5
What is the ten thousands digit of 1096482?
9
What is the hundred thousands digit of 2729886?
7
What is the ten thousands digit of 147196?
4
What is the tens digit of 882948?
4
What is the tens digit of 362074?
7
What is the tens digit of 437303?
0
What is the ten thousands digit of 7640928?
4
What is the ten thousands digit of 15982507?
8
What is the hundreds digit of 301454?
4
What is the units digit of 8332167?
7
What is the ten thousands digit of 920932?
2
What is the hundreds digit of 240969?
9
What is the hundred thousands digit of 1032797?
0
What is the units digit of 546678?
8
What is the tens digit of 201964?
6
What is the hundred thousands digit of 5025828?
0
What is the thousands digit of 6450?
6
What is the hundred thousands digit of 23318301?
3
What is the thousands digit of 1484899?
4
What is the units digit of 2435575?
5
What is the thousands digit of 7409417?
9
What is the hundred thousands digit of 947614?
9
What is the hundreds digit of 273085?
0
What is the tens digit of 262509?
0
What is the hundreds digit of 7591541?
5
What is the units digit of 115274?
4
What is the ten thousands digit of 425384?
2
What is the hundred thousands digit of 2082979?
0
What is the tens digit of 271037?
3
What is the units digit of 169868?
8
What is the thousands digit of 308125?
8
What is the units digit of 921319?
9
What is the thousands digit of 44429?
4
What is the hundreds digit of 7623116?
1
What is the hundred thousands digit of 499265?
4
What is the hundred thousands digit of 35903028?
9
What is the ten millions digit of 27039111?
2
What is the thousands digit of 17577961?
7
What is the units digit of 1459884?
4
What is the tens digit of 141397?
9
What is the hundred thousands digit of 462934?
4
What is the ten thousands digit of 1186887?
8
What is the thousands digit of 20280351?
0
What is the hundreds digit of 147993?
9
What is the ten thousands digit of 2677300?
7
What is the hundreds digit of 122309?
3
What is the units digit of 984295?
5
What is the thousands digit of 70650?
0
What is the units digit of 1769618?
8
What is the millions digit of 21313771?
1
What is the hundreds digit of 64414?
4
What is the ten thousands digit of 2296187?
9
What is the hundred thousands digit of 185930?
1
What is the thousands digit of 648208?
8
What is the tens digit of 135578?
7
What is the millions digit of 4754208?
4
What is the hundreds digit of 521980?
9
What is the ten thousands digit of 76146?
7
What is the hundreds digit of 484230?
2
What is the thousands digit of 14150378?
0
What is the hundreds digit of 19300431?
4
What is the millions digit of 3010143?
3
What is the units digit of 3421197?
7
What is the units digit of 1054530?
0
What is the tens digit of 66480?
8
What is the thousands digit of 8080058?
0
What is the tens digit of 184038?
3
What is the hundreds digit of 2811566?
5
What is the thousands digit of 3993266?
3
What is the units digit of 828838?
8
What is the units digit of 540722?
2
What is the hundreds digit of 129578?
5
What is the hundred thousands digit of 822411?
8
What is the ten thousands digit of 1652937?
5
What is the hundreds digit of 472266?
2
What is the hundreds digit of 344302?
3
What is the ten thousands digit of 19684834?
8
What is the ten thousands digit of 3608999?
0
What is the thousands digit of 959608?
9
What is the ten thousands digit of 2629801?
2
What is the hundreds digit of 755568?
5
What is the hundreds digit of 350736?
7
What is the units digit of 143528?
8
What is the hundreds digit of 1719003?
0
What is the units digit of 60972?
2
What is the ten thousands digit of 225082?
2
What is the thousands digit of 5548568?
8
What is the thousands digit of 2223013?
3
What is the ten thousands digit of 8110519?
1
What is the ten thousands digit of 1132883?
3
What is the hundreds digit of 884518?
5
What is the tens digit of 9397311?
1
What is the units digit of 97857?
7
What is the units digit of 3235004?
4
What is the hundreds digit of 592151?
1
What is the ten thousands digit of 281198?
8
What is the hundred thousands digit of 9803093?
8
What is the tens digit of 233475?
7
What is the units digit of 194947?
7
What is the thousands digit of 11491343?
1
What is the hundreds digit of 153291?
2
What is the units digit of 914851?
1
What is the ten thousands digit of 151249?
5
What is the hundred thousands digit of 296413?
2
What is the hundreds digit of 2950864?
8
What is the hundreds digit of 4697984?
9
What is the thousands digit of 105782?
5
What is the tens digit of 1076217?
1
What is the millions digit of 9130084?
9
What is the hundred thousands digit of 248899?